{"id":3831,"date":"2024-04-18T07:20:24","date_gmt":"2024-04-18T07:20:24","guid":{"rendered":"https:\/\/wpriverthemes.com\/magnuz\/?page_id=3831"},"modified":"2026-02-14T01:05:01","modified_gmt":"2026-02-14T01:05:01","slug":"la-firma-2","status":"publish","type":"page","link":"https:\/\/contadorglobal.us\/index.php\/la-firma-2\/","title":{"rendered":"La Firma"},"content":{"rendered":"\t\t<div data-elementor-type=\"wp-page\" data-elementor-id=\"3831\" class=\"elementor elementor-3831\">\n\t\t\t\t<div class=\"elementor-element elementor-element-970c28a e-con-full e-flex e-con e-parent\" data-id=\"970c28a\" data-element_type=\"container\" data-e-type=\"container\">\n\t\t<div class=\"elementor-element elementor-element-385d087 e-flex e-con-boxed e-con e-child\" data-id=\"385d087\" data-element_type=\"container\" data-e-type=\"container\">\n\t\t\t\t\t<div class=\"e-con-inner\">\n\t\t\t\t<div class=\"elementor-element elementor-element-8c592d8 elementor-widget elementor-widget-heading\" data-id=\"8c592d8\" data-element_type=\"widget\" data-e-type=\"widget\" data-widget_type=\"heading.default\">\n\t\t\t\t\t<h2 class=\"elementor-heading-title elementor-size-default\"><h1 style=\"margin-bottom: 16px;line-height: 1;font-size: 28px;font-family: Marcellus, serif\">Nuestra Firma<span style=\"font-family: Roboto, sans-serif;font-size: 2rem\"><\/span><\/h1><\/h2>\t\t\t\t<\/div>\n\t\t\t\t<div class=\"elementor-element elementor-element-f9c0526 elementor-widget elementor-widget-heading\" data-id=\"f9c0526\" data-element_type=\"widget\" data-e-type=\"widget\" data-widget_type=\"heading.default\">\n\t\t\t\t\t<h2 class=\"elementor-heading-title elementor-size-default\"><h2 style=\"margin-bottom: 0px;line-height: 1;font-size: 18px;font-family: Marcellus, serif\">Firma especializada en estructuraci\u00f3n legal y fiscal internacional en Estados Unidos, con implementaci\u00f3n real en operaciones transfronterizas complejas..<span style=\"font-family: Roboto, sans-serif;font-size: 2rem;font-weight: 600\"><\/span><\/h2><\/h2>\t\t\t\t<\/div>\n\t\t\t\t<div class=\"elementor-element elementor-element-e8d1c7f elementor-widget elementor-widget-text-editor\" data-id=\"e8d1c7f\" data-element_type=\"widget\" data-e-type=\"widget\" data-widget_type=\"text-editor.default\">\n\t\t\t\t\t\t\t\t\t<p><span style=\"color: #212529; font-family: Montserrat, sans-serif;\">Contador Global es una firma especializada en estructuraci\u00f3n legal y fiscal internacional para operaciones en Estados Unidos, con foco en empresarios y grupos patrimoniales de Latinoam\u00e9rica y Europa que buscan operar con seguridad jur\u00eddica y eficiencia fiscal real.<\/span><\/p><p><span style=\"color: #212529; font-family: Montserrat, sans-serif;\">\u00a0<\/span><\/p><p><span style=\"color: #212529; font-family: Montserrat, sans-serif;\">La firma est\u00e1 liderada por Esteban Pino Coviello, profesional con m\u00e1s de veinte a\u00f1os de experiencia en contabilidad, an\u00e1lisis financiero y cumplimiento tributario en entornos corporativos.<\/span><\/p><p><span style=\"color: #212529; font-family: Montserrat, sans-serif;\">\u00a0<\/span><\/p><p><span style=\"color: #212529; font-family: Montserrat, sans-serif;\">Adem\u00e1s de dirigir Contador Global, es fundador de Mi Contador Miami, marca consolidada en el mercado hispanohablante de Estados Unidos, desde donde se han asesorado cientos de estructuras empresariales y operaciones internacionales.<\/span><\/p><p><span style=\"color: #212529; font-family: Montserrat, sans-serif;\">\u00a0<\/span><\/p><p><span style=\"color: #212529; font-family: Montserrat, sans-serif;\">A lo largo de los a\u00f1os se han dise\u00f1ado y reestructurado sociedades en m\u00faltiples estados, holdings con operaciones cruzadas entre EE.UU. y el exterior, estructuras para no residentes, empresas de e-commerce, inversores inmobiliarios y grupos familiares con patrimonio internacional.<\/span><\/p><p><span style=\"color: #212529; font-family: Montserrat, sans-serif;\">\u00a0<\/span><\/p><p><span style=\"color: #212529; font-family: Montserrat, sans-serif;\">En muchos casos, el trabajo ha implicado corregir estructuras mal planteadas previamente, reducir contingencias fiscales relevantes y ordenar situaciones de incumplimiento acumulado.<\/span><\/p><p><span style=\"color: #212529; font-family: Montserrat, sans-serif;\">La experiencia no se limita a la teor\u00eda tributaria. Incluye implementaci\u00f3n pr\u00e1ctica, coordinaci\u00f3n contable, definici\u00f3n de criterios financieros, acompa\u00f1amiento en auditor\u00edas y seguimiento continuo del cumplimiento federal y estatal. Esa combinaci\u00f3n entre dise\u00f1o t\u00e9cnico y ejecuci\u00f3n operativa es lo que diferencia a la firma.<\/span><\/p><p><span style=\"color: #212529; font-family: Montserrat, sans-serif;\">\u00a0<\/span><\/p><p><span style=\"color: #212529; font-family: Montserrat, sans-serif;\">No somos una oficina de tr\u00e1mites. Somos una firma que analiza, estructura, implementa y supervisa.<\/span><\/p>\t\t\t\t\t\t\t\t<\/div>\n\t\t\t\t\t<\/div>\n\t\t\t\t<\/div>\n\t\t<div class=\"elementor-element elementor-element-ba70051 e-flex e-con-boxed e-con e-child\" data-id=\"ba70051\" data-element_type=\"container\" data-e-type=\"container\">\n\t\t\t\t\t<div class=\"e-con-inner\">\n\t\t\t\t<div class=\"elementor-element elementor-element-75ae026 elementor-widget elementor-widget-heading\" data-id=\"75ae026\" data-element_type=\"widget\" data-e-type=\"widget\" data-widget_type=\"heading.default\">\n\t\t\t\t\t<h2 class=\"elementor-heading-title elementor-size-default\"><h1 style=\"margin-bottom: 16px;line-height: 1;font-size: 28px;font-family: Marcellus, serif\">Trayectoria y Experiencia<span style=\"font-family: Roboto, sans-serif;font-size: 2rem\"><\/span><\/h1><\/h2>\t\t\t\t<\/div>\n\t\t\t\t<div class=\"elementor-element elementor-element-9b027c7 elementor-widget elementor-widget-text-editor\" data-id=\"9b027c7\" data-element_type=\"widget\" data-e-type=\"widget\" data-widget_type=\"text-editor.default\">\n\t\t\t\t\t\t\t\t\t<h2 class=\"elementor-heading-title elementor-size-default elementor-inline-editing pen\" style=\"font-weight: 600; color: #6ec1e4;\" data-elementor-setting-key=\"title\" data-pen-placeholder=\"Type Here...\">\u00a0<\/h2><h2 style=\"margin-bottom: 0px; line-height: 1; color: #122620; font-size: 18px; font-family: Marcellus, serif;\">Experiencia concreta en estructuras internacionales<\/h2><div>\u00a0<\/div>\t\t\t\t\t\t\t\t<\/div>\n\t\t\t\t<div class=\"elementor-element elementor-element-5e90daa elementor-widget elementor-widget-text-editor\" data-id=\"5e90daa\" data-element_type=\"widget\" data-e-type=\"widget\" data-widget_type=\"text-editor.default\">\n\t\t\t\t\t\t\t\t\t<ul><li data-start=\"1272\" data-end=\"1334\"><p data-start=\"1274\" data-end=\"1334\">Holdings multiestado con operaciones cruzadas EE.UU. y LatAm<\/p><\/li><li data-start=\"1335\" data-end=\"1383\"><p data-start=\"1337\" data-end=\"1383\">Reestructuraci\u00f3n de estructuras mal planteadas<\/p><\/li><li data-start=\"1384\" data-end=\"1433\"><p data-start=\"1386\" data-end=\"1433\">Correcci\u00f3n de contingencias fiscales acumuladas<\/p><\/li><li data-start=\"1434\" data-end=\"1489\"><p data-start=\"1436\" data-end=\"1489\">E-commerce internacional con facturaci\u00f3n cross-border<\/p><\/li><li data-start=\"1492\" data-end=\"1535\">Inversiones inmobiliarias con no residentes<\/li><li data-start=\"1492\" data-end=\"1535\">Inversiones en transporte pesado y log\u00edsitica<\/li><\/ul>\t\t\t\t\t\t\t\t<\/div>\n\t\t\t\t\t<\/div>\n\t\t\t\t<\/div>\n\t\t\t\t<\/div>\n\t\t<div class=\"elementor-element elementor-element-24fa270 e-con-full e-flex e-con e-parent\" data-id=\"24fa270\" data-element_type=\"container\" data-e-type=\"container\">\n\t\t<div class=\"elementor-element elementor-element-056c758 e-flex e-con-boxed e-con e-child\" data-id=\"056c758\" data-element_type=\"container\" data-e-type=\"container\">\n\t\t\t\t\t<div class=\"e-con-inner\">\n\t\t\t\t<div class=\"elementor-element elementor-element-739f6c5 elementor-widget elementor-widget-companyhomeoverview\" data-id=\"739f6c5\" data-element_type=\"widget\" data-e-type=\"widget\" data-widget_type=\"companyhomeoverview.default\">\n\t\t\t\t<div class=\"elementor-widget-container\">\n\t\t\t\t\t\n\n<!-- Start Service -->\n<section class=\"service5-area section-highlight\">\n    <div class=\"custom-container\">\n                <div class=\"section-header\">\n            <div class=\"left\">\n                <h4 class=\"subtitle\">\n                     <img decoding=\"async\" src=\"https:\/\/wpriverthemes.com\/magnuz\/wp-content\/themes\/magnuz\/assets\/imgs\/star-shape.svg\" alt=\"star\">ENFOQUE PROFESIONAL<img decoding=\"async\" src=\"https:\/\/wpriverthemes.com\/magnuz\/wp-content\/themes\/magnuz\/assets\/imgs\/star-shape.svg\" alt=\"star\">                <\/h4>\n                <h1 class=\"title\">Dise\u00f1o t\u00e9cnico con implementaci\u00f3n operativa<\/h1>\n            <\/div>\n            <p>El modelo de la firma integra an\u00e1lisis estrat\u00e9gico, dise\u00f1o societario formal, documentaci\u00f3n estructurada y control peri\u00f3dico del cumplimiento fiscal. No se trata solo de constituir entidades, sino de construir estructuras que resistan auditor\u00edas, cambios regulatorios y crecimiento del negocio.<\/p>\n        <\/div>\n        \n        <div class=\"custom-row\">\n\n            \n                        <div class=\"img-box\" data-aos=\"fade-right\" data-aos-duration=\"1500\">\n                <div class=\"box-anim\">\n                    <img decoding=\"async\" src=\"https:\/\/contadorglobal.us\/wp-content\/uploads\/2026\/02\/Office1.png\" alt=\"\">\n                <\/div>\n            <\/div>\n                        \n                        <div class=\"img-box\" data-aos=\"fade-up\" data-aos-duration=\"1500\">\n                <div class=\"box-anim\">\n                    <img decoding=\"async\" src=\"https:\/\/contadorglobal.us\/wp-content\/uploads\/2026\/02\/Office2.png\" alt=\"\">\n                <\/div>\n            <\/div>\n                        \n                        <div class=\"img-box\" data-aos=\"fade-left\" data-aos-duration=\"1500\">\n                <div class=\"box-anim\">\n                    <img decoding=\"async\" src=\"https:\/\/contadorglobal.us\/wp-content\/uploads\/2026\/02\/Office3.png\" alt=\"\">\n                <\/div>\n            <\/div>\n                                  \n        <\/div>\n    <\/div>\n<\/section>\n<!-- End Service -->\n\n\n    \t\t\t\t<\/div>\n\t\t\t\t<\/div>\n\t\t\t\t<div class=\"elementor-element elementor-element-59057ff elementor-widget elementor-widget-coursehomeabout\" data-id=\"59057ff\" data-element_type=\"widget\" data-e-type=\"widget\" data-widget_type=\"coursehomeabout.default\">\n\t\t\t\t<div class=\"elementor-widget-container\">\n\t\t\t\t\t\n\n<!-- Start About\n============================================= -->\n<section class=\"about6-area section-highlight\">\n    <div class=\"custom-container\">\n        <div class=\"custom-row\">\n\n                        <div class=\"right\">\n                <div class=\"content\">\n                    <div class=\"section-header\">\n                        <h4 class=\"subtitle\">\n                             <img decoding=\"async\" src=\"https:\/\/wpriverthemes.com\/magnuz\/wp-content\/themes\/magnuz\/assets\/imgs\/star-shape.svg\" alt=\"star\">DIRECCI\u00d3N<img decoding=\"async\" src=\"https:\/\/wpriverthemes.com\/magnuz\/wp-content\/themes\/magnuz\/assets\/imgs\/star-shape.svg\" alt=\"star\">                        <\/h4>\n                        <h1 class=\"title\">Liderazgo con experiencia consolidada<\/h1>\n                    <\/div>\n                    <p>La firma es liderada por Esteban Pino Coviello, profesional con m\u00e1s de veinte a\u00f1os de experiencia en contabilidad, an\u00e1lisis financiero y cumplimiento tributario en Estados Unidos.\nAdem\u00e1s de dirigir Contador Global, es fundador de Mi Contador Miami, marca consolidada en el mercado hispanohablante de Estados Unidos, desde donde ha asesorado cientos de estructuras empresariales y operaciones internacionales.\n\nLa pr\u00e1ctica combina dise\u00f1o t\u00e9cnico, criterio financiero y ejecuci\u00f3n directa en estructuras internacionales de alta complejidad.<\/p>\n\n                                        <a                     href=\"https:\/\/contadorglobal.us\/index.php\/contacto\/\" class=\"theme-btn\">\n                        <span><\/span>\n                        Conectar Ahora                    <\/a>\n                    \n                <\/div>\n            <\/div>\n            \n                        <div class=\"left\" data-aos=\"fade-left\"  data-aos-duration=\"2000\">\n                <div class=\"box-anim\">\n                    <img decoding=\"async\" src=\"https:\/\/contadorglobal.us\/wp-content\/uploads\/2026\/02\/EPC.jpg\" alt=\"\">\n                <\/div>\n\n                                <a                 href=\"https:\/\/contadorglobal.us\/index.php\/contacto\/\" class=\"quote-now-btn\">\n                    <span class=\"border-gradient-shape\"><\/span>\n                    <span class=\"subtitle\">Fundador<\/span>\n                    Esteban Pino Coviello                <\/a>\n                            <\/div>\n            \n        <\/div>\n    <\/div>\n<\/section>\n<!-- End About -->\n\n    \t\t\t\t<\/div>\n\t\t\t\t<\/div>\n\t\t\t\t\t<\/div>\n\t\t\t\t<\/div>\n\t\t\t\t<div class=\"elementor-element elementor-element-3135d92 elementor-widget elementor-widget-coursehomeaboutstyle2\" data-id=\"3135d92\" data-element_type=\"widget\" data-e-type=\"widget\" data-widget_type=\"coursehomeaboutstyle2.default\">\n\t\t\t\t<div class=\"elementor-widget-container\">\n\t\t\t\t\t\n\n <!-- Start About\n============================================= -->\n<section class=\"about8-area\">\n    <div class=\"custom-container\">\n        <div class=\"custom-row\">\n                        <div class=\"img-box\" data-aos=\"fade-right\"  data-aos-duration=\"2000\">\n                <div class=\"img-box-inner\">\n                    <img decoding=\"async\" class=\"main-img\" src=\"https:\/\/contadorglobal.us\/wp-content\/uploads\/2026\/02\/Office5.png\" alt=\"\">\n                <\/div>\n                <img decoding=\"async\" class=\"shape-img\" src=\"https:\/\/contadorglobal.us\/wp-content\/uploads\/2024\/04\/about-9-shape.jpeg\" alt=\"\">\n            <\/div>\n            \n                        <div class=\"right\">\n                <div class=\"content\">\n                    <h4 class=\"subtitle\">\n                         <img decoding=\"async\" src=\"https:\/\/wpriverthemes.com\/magnuz\/wp-content\/themes\/magnuz\/assets\/imgs\/star-shape.svg\" alt=\"star\">Compromiso profesional<img decoding=\"async\" src=\"https:\/\/wpriverthemes.com\/magnuz\/wp-content\/themes\/magnuz\/assets\/imgs\/star-shape.svg\" alt=\"star\">                    <\/h4>\n                    <h1 class=\"title\">\n                        Enfoque preventivo, no reactivo                    <\/h1>\n                    <p>Una estructura bien dise\u00f1ada desde el inicio evita a\u00f1os de correcciones, contingencias fiscales y costos innecesarios. Contador Global trabaja con un enfoque preventivo: estructura, cumplimiento y control continuo. La diferencia no est\u00e1 en presentar formularios, sino en dise\u00f1ar correctamente desde el principio.<\/p>\n\n                                        <a                     href=\"https:\/\/contadorglobal.us\/index.php\/contacto\/\" class=\"theme-btn\">\n                        <span><\/span>\n                        Solicitar an\u00e1lisis preliminar                    <\/a>\n                    \n                <\/div>\n            <\/div>\n            \n        <\/div>\n    <\/div>\n<\/section>\n<!-- End About -->\n\n    \t\t\t\t<\/div>\n\t\t\t\t<\/div>\n\t\t\t\t<\/div>\n\t\t<div class=\"elementor-element elementor-element-4e82f47 e-con-full e-flex e-con e-parent\" data-id=\"4e82f47\" data-element_type=\"container\" data-e-type=\"container\">\n\t\t\t\t<\/div>\n\t\t\t\t<\/div>\n\t\t","protected":false},"excerpt":{"rendered":"<p>Nuestra Firma Firma especializada en estructuraci\u00f3n legal y fiscal internacional en Estados Unidos, con implementaci\u00f3n real en operaciones transfronterizas complejas.. Contador Global es una firma especializada en estructuraci\u00f3n legal y fiscal internacional para operaciones en Estados Unidos, con foco en empresarios y grupos patrimoniales de Latinoam\u00e9rica y Europa que buscan operar con seguridad jur\u00eddica y [&hellip;]<\/p>\n","protected":false},"author":1,"featured_media":0,"parent":0,"menu_order":0,"comment_status":"closed","ping_status":"closed","template":"page-templates\/team-page.php","meta":{"footnotes":""},"class_list":["post-3831","page","type-page","status-publish","hentry"],"_links":{"self":[{"href":"https:\/\/contadorglobal.us\/index.php\/wp-json\/wp\/v2\/pages\/3831","targetHints":{"allow":["GET"]}}],"collection":[{"href":"https:\/\/contadorglobal.us\/index.php\/wp-json\/wp\/v2\/pages"}],"about":[{"href":"https:\/\/contadorglobal.us\/index.php\/wp-json\/wp\/v2\/types\/page"}],"author":[{"embeddable":true,"href":"https:\/\/contadorglobal.us\/index.php\/wp-json\/wp\/v2\/users\/1"}],"replies":[{"embeddable":true,"href":"https:\/\/contadorglobal.us\/index.php\/wp-json\/wp\/v2\/comments?post=3831"}],"version-history":[{"count":105,"href":"https:\/\/contadorglobal.us\/index.php\/wp-json\/wp\/v2\/pages\/3831\/revisions"}],"predecessor-version":[{"id":5919,"href":"https:\/\/contadorglobal.us\/index.php\/wp-json\/wp\/v2\/pages\/3831\/revisions\/5919"}],"wp:attachment":[{"href":"https:\/\/contadorglobal.us\/index.php\/wp-json\/wp\/v2\/media?parent=3831"}],"curies":[{"name":"wp","href":"https:\/\/api.w.org\/{rel}","templated":true}]}}